s the hundred thousands digit of 734097?
7
What is the thousands digit of 5892150?
2
What is the hundreds digit of 513246?
2
What is the thousands digit of 22912263?
2
What is the tens digit of 41747?
4
What is the tens digit of 315131?
3
What is the thousands digit of 536416?
6
What is the millions digit of 3282638?
3
What is the hundreds digit of 128278?
2
What is the thousands digit of 230043?
0
What is the ten millions digit of 11561650?
1
What is the ten thousands digit of 7317924?
1
What is the thousands digit of 599357?
9
What is the thousands digit of 9659?
9
What is the hundred thousands digit of 2154804?
1
What is the tens digit of 313314?
1
What is the ten thousands digit of 19464970?
6
What is the tens digit of 6628?
2
What is the thousands digit of 7461412?
1
What is the ten millions digit of 11053809?
1
What is the ten thousands digit of 18159099?
5
What is the ten thousands digit of 622032?
2
What is the ten thousands digit of 747187?
4
What is the thousands digit of 2769546?
9
What is the hundreds digit of 717600?
6
What is the units digit of 25118?
8
What is the thousands digit of 881306?
1
What is the ten thousands digit of 139465?
3
What is the ten thousands digit of 283080?
8
What is the hundred thousands digit of 6766520?
7
What is the units digit of 39649837?
7
What is the millions digit of 1447535?
1
What is the ten thousands digit of 4642235?
4
What is the hundred thousands digit of 291902?
2
What is the hundred thousands digit of 15694988?
6
What is the tens digit of 214258?
5
What is the tens digit of 4749086?
8
What is the hundred thousands digit of 10171778?
1
What is the hundred thousands digit of 2058596?
0
What is the units digit of 714604?
4
What is the units digit of 30934?
4
What is the hundred thousands digit of 392388?
3
What is the hundreds digit of 947899?
8
What is the hundred thousands digit of 181449?
1
What is the thousands digit of 1650676?
0
What is the hundred thousands digit of 5249656?
2
What is the hundred thousands digit of 6693892?
6
What is the units digit of 196411?
1
What is the units digit of 772506?
6
What is the thousands digit of 14801973?
1
What is the units digit of 3522264?
4
What is the units digit of 429733?
3
What is the ten thousands digit of 19059651?
5
What is the tens digit of 190119?
1
What is the ten thousands digit of 276167?
7
What is the units digit of 1914786?
6
What is the hundreds digit of 204388?
3
What is the tens digit of 202243?
4
What is the tens digit of 116940?
4
What is the hundred thousands digit of 9222342?
2
What is the tens digit of 179286?
8
What is the millions digit of 1848910?
1
What is the tens digit of 656119?
1
What is the units digit of 702668?
8
What is the tens digit of 251513?
1
What is the thousands digit of 1432708?
2
What is the hundreds digit of 1355670?
6
What is the hundred thousands digit of 2648414?
6
What is the thousands digit of 378695?
8
What is the hundreds digit of 497865?
8
What is the thousands digit of 119288?
9
What is the tens digit of 1625265?
6
What is the ten thousands digit of 585283?
8
What is the hundreds digit of 772848?
8
What is the ten thousands digit of 6138273?
3
What is the units digit of 12251017?
7
What is the units digit of 713029?
9
What is the ten thousands digit of 599162?
9
What is the units digit of 1763335?
5
What is the units digit of 1427674?
4
What is the units digit of 1366106?
6
What is the tens digit of 604012?
1
What is the units digit of 1366153?
3
What is the units digit of 1833338?
8
What is the ten thousands digit of 9934319?
3
What is the tens digit of 210222?
2
What is the tens digit of 160011?
1
What is the ten thousands digit of 7411842?
1
What is the hundreds digit of 330839?
8
What is the ten thousands digit of 128082?
2
What is the thousands digit of 290317?
0
What is the units digit of 661328?
8
What is the units digit of 200195?
5
What is the thousands digit of 25765847?
5
What is the hundred thousands digit of 1125519?
1
What is the hundred thousands digit of 1034253?
0
What is the hundred thousands digit of 323080?
3
What is the units digit of 1254795?
5
What is the thousands digit of 201765?
1
What is the tens digit of 11830377?
7
What is the millions digit of 5361765?
5
What is the millions digit of 6451346?
6
What is the hundred thousands digit of 8324519?
3
What is the ten thousands digit of 203302?
0
What is the hundreds digit of 533095?
0
What is the ten thousands digit of 17865629?
6
What is the units digit of 1132755?
5
What is the hundred thousands digit of 430442?
4
What is the ten thousands digit of 614862?
1
What is the thousands digit of 2393983?
3
What is the millions digit of 4862748?
4
What is the thousands digit of 1366135?
6
What is the hundreds digit of 679897?
8
What is the ten thousands digit of 169895?
6
What is the ten thousands digit of 18237230?
3
What is the tens digit of 33644?
4
What is the hundred thousands digit of 123239?
1
What is the ten thousands digit of 391541?
9
What is the thousands digit of 863370?
3
What is the hundreds digit of 13508933?
9
What is the hundred thousands digit of 6746918?
7
What is the tens digit of 6749066?
6
What is the millions digit of 4679370?
4
What is the ten thousands digit of 4542302?
4
What is the ten thousands digit of 2085957?
8
What is the tens digit of 2777951?
5
What is the millions digit of 3431743?
3
What is the hundreds digit of 26184?
1
What is the ten millions digit of 12227778?
1
What is the tens digit of 1072101?
0
What is the thousands digit of 475037?
5
What is the thousands digit of 437560?
7
What is the tens digit of 966331?
3
What is the millions digit of 12226725?
2
What is the thousands digit of 3266224?
6
What is the hundreds digit of 1932927?
9
What is the thousands digit of 254902?
4
What is the thousands digit of 33230?
3
What is the ten millions digit of 22937459?
2
What is the hundred thousands digit of 1459180?
4
What is the millions digit of 2926638?
2
What is the thousands digit of 2256846?
6
What is the hundreds digit of 950112?
1
What is the tens digit of 145764?
6
What is the hundred thousands digit of 1540308?
5
What is the hundreds digit of 5132132?
1
What is the thousands digit of 94529?
4
What is the ten millions digit of 24781311?
2
What is the hundred thousands digit of 446153?
4
What is the ten thousands digit of 15508?
1
What is the thousands digit of 294673?
4
What is the thousands digit of 641181?
1
What is the tens digit of 2641085?
8
What is the thousands digit of 121433?
1
What is the thousands digit of 10148734?
8
What is the tens digit of 10360331?
3
What is the ten thousands digit of 2143192?
4
What is the thousands digit of 1587603?
7
What is the ten thousands digit of 3405177?
0
What is the hundred thousands digit of 591596?
5
What is the units digit of 789060?
0
What is the thousands digit of 236599?
6
What is the units digit of 6397999?
9
What is the hundreds digit of 105515?
5
What is the ten thousands digit of 4048540?
4
What is the tens digit of 486949?
4
What is the ten thousands digit of 904997?
0
What is the tens digit of 296075?
7
What is the hundreds digit of 39962?
9
What is the units digit of 125?
5
What is the tens digit of 4521880?
8
What is the units digit of 1107099?
9
What is the millions digit of 1182904?
1
What is the tens digit of 410016?
1
What is the units digit of 200774?
4
What is the tens digit of 3009828?
2
What is the thousands digit of 14390705?
0
What is the hundreds digit of 297713?
7
What is the hundred thousands digit of 16078035?
0
What is the ten millions digit of 14150394?
1
What is the ten thousands digit of 11065984?
6
What is the hundred thousands digit of 10477690?
4
What is the ten thousands digit of 140481?
4
What is the hundred thousands digit of 289814?
2
What is the tens digit of 8738021?
2
What is the thousands digit of 36706?
6
What is the hundreds digit of 436365?
3
What is the hundreds digit of 30382?
3
What is the units digit of 248200?
0
What is the millions digit of 2383847?
2
What is the ten millions digit of 16126846?
1
What is the ten thousands digit of 1500741?
0
What is the millions digit of 2310742?
2
What is the units digit of 1987287?
7
What is the ten thousands digit of 969378?
6
What is the ten thousands dig